 = 5*v, -w = v + 46 + 33. Calculate the remainder when (3/6)/((-2)/w) is divided by 5.
4
Let k(a) = 2 + 3*a + a**2 + a**2 + 0*a**2 - 11*a**3. What is the remainder when 45 is divided by k(-1)?
9
Let u = 130 + -49. What is the remainder when u is divided by 28?
25
Let r(k) = 3*k + 2. Suppose -2*y + 1 = -5. What is the remainder when r(y) is divided by 6?
5
Suppose 27 = 5*i - 18. What is the remainder when 35 is divided by i?
8
Suppose 3*t - 8 + 2 = 0. Suppose -s + 42 = t*s. Suppose 2*k + d - 76 = 3*d, -5*d = -k + 26. Calculate the remainder when k is divided by s.
13
Suppose -4*a + 5*q = -183, 15 = -q + 4*q. Calculate the remainder when a is divided by 11.
8
Suppose 0 = 67*p - 71*p + 184. What is the remainder when 135 is divided by p?
43
Let x(y) = y**3 + 9*y**2 + 3*y + 4. Suppose -4*t + 68 = -3*l - 36, t + l - 19 = 0. Calculate the remainder when x(-8) is divided by t.
21
Suppose -22 = 4*t - 318. What is the remainder when t is divided by 19?
17
Suppose 201 - 53 = 4*p. What is the remainder when 220 is divided by p?
35
Let k(o) = -o**2 - 8*o - 4. Calculate the remainder when 69 is divided by k(-4).
9
Let t = -3 + 20. Calculate the remainder when 32 is divided by t.
15
Calculate the remainder when (-6)/9 + (-224)/(-12) is divided by 5.
3
Suppose -3*i - 489 = -3*b, 7*b = 10*b + 4*i - 496. Calculate the remainder when b is divided by 43.
35
Suppose 3*z + 10 = -2*z. Let u be 0 - 1 - z - 1. Suppose u*t + 12 = t. What is the remainder when 34 is divided by t?
10
Suppose 2*l = -5*r + 27, -r = -3*l + 17 - 2. Calculate the remainder when 27 is divided by 1*(-2)/(l/(-21)).
6
Let c(y) be the first derivative of -y**4/4 + 7*y**3/3 - 7*y**2/2 + 3. What is the remainder when 43 is divided by c(5)?
13
Suppose 0 = -3*b - 0*z - z + 40, -5*z - 24 = -b. What is the remainder when 25 is divided by b?
11
Suppose 0 = 3*w + w + 168. Let g = 71 + w. Calculate the remainder when g is divided by 10.
9
Suppose 0 = -4*y + 18 + 10. Suppose 5*s + 27 = 4*w + 102, -4*w = -4*s + 60. Let k = s - 11. What is the remainder when y is divided by k?
3
Let u(c) be the first derivative of 10*c**2 - 2*c + 1. Calculate the remainder when u(2) is divided by 13.
12
Suppose 80 + 76 = 4*b. Calculate the remainder when b is divided by -4 + 0 + (-12)/(-3) - -10.
9
Calculate the remainder when (-15)/5 - (-108 - 0) is divided by 53.
52
Calculate the remainder when (-2)/((-96)/(-52) - 2) is divided by 8.
5
Let z = -3 - -4. Let b = 4 + z. Let f(i) = 2*i**2 - 3*i. Calculate the remainder when f(b) is divided by 12.
11
Suppose -q - 3*g + 25 = 0, 3*q - g + 6*g - 55 = 0. What is the remainder when q is divided by (24/20)/(1/5)?
4
Suppose 2*a + 5*j - 18 = 0, 2*a - 5*j + 2 = -0*a. Let m be a/6 - 13/(-3). Let z = m - 0. Calculate the remainder when 18 is divided by z.
3
Suppose -2*b - 1 = 5. Let y be (b - -1) + 13*2. Suppose 0 = -4*s - 5*j + 75, 3*s = -3*j + 30 + y. What is the remainder when 43 is divided by s?
13
Let d(h) be the second derivative of 1/3*h**3 - 1/4*h**4 - h**2 - 3*h + 1/20*h**5 + 0. Calculate the remainder when d(3) is divided by 2.
0
Let i(s) = -6*s**3 - 3*s**2 - 5*s - 1. What is the remainder when i(-2) is divided by 16?
13
Let b be 1/(-4) - 83/4. Let n = -10 - b. Let g = 10 + n. What is the remainder when g is divided by 11?
10
Let r = 24 - 4. Calculate the remainder when 26/(3 + 0 + 80/(-30)) is divided by r.
18
Let g = -7 - -14. Let t = 9 + -36. Let w = 52 + t. What is the remainder when w is divided by g?
4
Let j(i) = i**2 + 7*i + 1. Let w(l) = -l**3 + l**2 + 7*l + 1. Let r be w(5). Calculate the remainder when ((-1)/2)/(2/r) is divided by j(-8).
7
Calculate the remainder when 1642/26 - 8/52 is divided by 22.
19
Let p = 21 - 15. Let s(v) = -v**3 + 8*v**2 - 10*v + 7. What is the remainder when s(p) is divided by 7?
5
Suppose 43 + 29 = 4*d. Suppose -3*k + 0*k = -d. What is the remainder when 17 is divided by k?
5
Suppose f + 13 = -3*a, 0 = -0*a + a - 4*f - 13. Let o = 3 + a. Suppose 5*j + o*j - 100 = 5*t, 5*j - 97 = 4*t. Calculate the remainder when 49 is divided by j.
15
Let r = 63 + -18. What is the remainder when r is divided by 16?
13
What is the remainder when 68 is divided by 3/(-12) + -1 + 106/8?
8
Let h = -11 + 7. Let c be (h/(-6))/((-5)/(-180)). Calculate the remainder when (-5)/((-15)/c) + 3 is divided by 6.
5
Let o(b) = -b - 1. Let v(k) = -27*k + 6. Let x(f) = -5*o(f) - v(f). Let n(m) = m**2 + m + 1. Let c be n(-1). What is the remainder when x(c) is divided by 11?
9
Suppose -4*z - 160 = -800. Suppose 0 = -0*g + 4*g - z. What is the remainder when g is divided by 14?
12
Suppose 0 = -5*y, 3*p + 3*y = 8*y + 21. Calculate the remainder when p is divided by 4/(-16)*0 + 2.
1
Let m = -30 + 59. Suppose -c + 9 = 3*i, 4*c + i - m = 18. Calculate the remainder when 22 is divided by c.
10
Let c be 51/9 + (-1)/(-3). Let n = c + -5. What is the remainder when n is divided by 1?
0
Suppose -2*t - 3 + 21 = 0. Let q be (2/4 - 0)*-4. What is the remainder when 5 is divided by 6/q*(-6)/t?
1
Suppose -4*v = 3*l + 7 - 2, -4*v = l + 7. Let s(g) = g**3 + 6*g**2 + 5*g + 6. Let h be s(-7). Calculate the remainder when h/(-3) + (0 - l) is divided by 9.
7
Let r(p) = -p**3 - 8*p**2 + 4*p - 9. Let y be r(-9). Let s = y - 19. Let v(w) = 2*w. Calculate the remainder when s is divided by v(3).
5
Suppose -7*y = -12*y + 45. What is the remainder when 52 is divided by y?
7
Suppose 4*h = 2*h + 30. What is the remainder when 44 is divided by h?
14
Let v be 14/(0/4 + 2). Suppose v = c + 2*a - 2, -5*c - 5*a = -55. Calculate the remainder when 36 is divided by c.
10
Let m(h) = -h**3 + 8*h**2 - 2*h - 2. Let l be m(6). Let f = l + -29. Calculate the remainder when f is divided by 15.
14
Suppose 4*o = 4*n + 56, 0 = -2*o - 3*o - 4*n + 97. What is the remainder when 151 is divided by o?
15
Let j = -12 - -41. Suppose -b + 4*b = 171. What is the remainder when b is divided by j?
28
Let w be 0 - 0 - 12/(-4). Suppose -w*u + 7 = 2*b - 31, -u = -2*b - 10. Suppose 2*h - u - 20 = 0. What is the remainder when h is divided by 6?
4
Suppose x - 4 = -3*x. Calculate the remainder when ((-5)/10)/(1/(-28)) is divided by (-3 - x/(-1)) + 6.
2
Suppose -83 = 2*o - 11. What is the remainder when 29 is divided by ((-15)/6)/(6/o)?
14
Suppose y + 84 = 5*p, 6*p - p + 2*y - 87 = 0. Calculate the remainder when 202 is divided by p.
15
Let q(m) = m**2 + 3*m - 7. Let w(y) = 5*y**2 + 13*y - 29. Let x(h) = -9*q(h) + 2*w(h). Calculate the remainder when x(8) is divided by 21.
19
Let i be (0 + -1)*(-6 + 1). Let f be (-2)/i + 402/5. Suppose -2*a = 2*a - f. Calculate the remainder when a is divided by 7.
6
Suppose -2*d = 2*d. Suppose -8*r + 3*r - 270 = d. What is the remainder when 26 is divided by 4/8 - r/4?
12
Let y(t) = t**2 - 6*t - 11. Let c be y(9). Suppose i - 5*i + c = 0. Suppose -i*w = -27 + 3. Calculate the remainder when 11 is divided by w.
5
Let b(d) = d**3 - 2*d**2 + 3*d + 3. Calculate the remainder when 10 is divided by b(2).
1
Calculate the remainder when 123 is divided by (-300)/(-21) + 3/(21/(-2)).
11
Let a be -2 - 1/(2/(-8)). Let i(y) = y**a - 1 + 1 + 16*y**3 + 1 - y. What is the remainder when i(1) is divided by 6?
5
Let j = 1 + 7. Suppose 0 = n - 4 - j. What is the remainder when n is divided by 7?
5
Let d(t) = t**3 + 2*t**2 - 5*t - 2. Let g be d(-3). Let v(b) = b - 3. Calculate the remainder when v(g) is divided by 1.
0
Suppose -66*p - 352 = -68*p. What is the remainder when p is divided by 18?
14
Suppose -2*g + s + 3 = 6, -3*s = 3. Calculate the remainder when 25 is divided by g/12 - 165/(-18).
7
What is the remainder when 42 is divided by ((-231)/(-28))/((-3)/(-8))?
20
Let t(f) = f**2 - 5*f + 7. Calculate the remainder when t(8) is divided by 11.
9
Let a = 842 - 824. Let j = 6 + 1. What is the remainder when a is divided by j?
4
Let q(t) = t + 26. What is the remainder when 72 is divided by q(-11)?
12
Suppose 1 = -4*g + 9. Suppose g*l - 15 = -l. Let z(i) = -i**3 - 9*i**2 - 3*i - 19. Calculate the remainder when z(-9) is divided by l.
3
Suppose 4*s - 2*h = 226, 2*s + 168 = 5*s - h. Calculate the remainder when s is divided by (-208)/(-16) - (-13)/(52/24).
17
Let c(i) = 5*i - 11. Let o(x) = -x + 2. Let r(t) = -4*c(t) - 22*o(t). Calculate the remainder when 37 is divided by r(4).
5
What is the remainder when 129 is divided 